{"id":71141,"date":"2025-12-08T19:06:28","date_gmt":"2025-12-08T19:06:28","guid":{"rendered":"https:\/\/www.entroncamentoonline.pt\/portal\/?page_id=71141"},"modified":"2025-12-08T20:54:19","modified_gmt":"2025-12-08T20:54:19","slug":"apoie-o-entroncamentoonline","status":"publish","type":"page","link":"https:\/\/www.entroncamentoonline.pt\/portal\/apoie-o-entroncamentoonline\/","title":{"rendered":"Apoie o EntroncamentoOnline"},"content":{"rendered":"<p>\nO EntroncamentoOnline, gerido pela Klok Klok. Lda, \u00e9 um projeto jornal\u00edstico independente, local, e que conta com o apoio de anunciantes e outras receitas indiretas de exposi\u00e7\u00e3o digital. Mas n\u00e3o \u00e9 suficiente. Queremos chegar mais perto da comunidade e ter maior espa\u00e7o para crescer.<br \/>\nOs donativos, dos(as) leitores(as), institui\u00e7\u00f5es ou empresas, ajudam-nos (muito) a manter a atividade editorial, com rigor e autonomia.<br \/>\nSe valoriza o nosso trabalho, pode apoiar com qualquer valor atrav\u00e9s do bot\u00e3o abaixo. Agradecemos, desde j\u00e1 o seu apoio e por fazer parte da comunidade EOL.\n<\/p>\n<div style=\"text-align: center; margin: 30px auto;\">\n  <a href=\"https:\/\/www.paypal.com\/donate\/?hosted_button_id=7BMH35N2MJX2E\" target=\"_blank\" rel=\"noopener\"><br \/>\n    <img decoding=\"async\" src=\"https:\/\/www.entroncamentoonline.pt\/portal\/wp-content\/uploads\/2025\/12\/Botao-Paypal.png\" \n         alt=\"Doar com PayPal\" \n         style=\"max-width: 280px; height: auto;\"><br \/>\n  <\/a>\n<\/div>\n","protected":false},"excerpt":{"rendered":"<p>O EntroncamentoOnline, gerido pela Klok Klok. Lda, \u00e9 um projeto jornal\u00edstico independente, local, e que conta com o apoio de anunciantes e outras receitas indiretas de exposi\u00e7\u00e3o digital. Mas n\u00e3o \u00e9 suficiente. Queremos chegar mais perto da comunidade e ter maior espa\u00e7o para crescer. Os donativos, dos(as) leitores(as), institui\u00e7\u00f5es ou empresas, ajudam-nos (muito) a manter [&hellip;]<\/p>\n","protected":false},"author":43,"featured_media":0,"parent":0,"menu_order":0,"comment_status":"closed","ping_status":"closed","template":"","meta":{"_acf_changed":false,"footnotes":""},"class_list":["post-71141","page","type-page","status-publish"],"acf":[],"_links":{"self":[{"href":"https:\/\/www.entroncamentoonline.pt\/portal\/wp-json\/wp\/v2\/pages\/71141","targetHints":{"allow":["GET"]}}],"collection":[{"href":"https:\/\/www.entroncamentoonline.pt\/portal\/wp-json\/wp\/v2\/pages"}],"about":[{"href":"https:\/\/www.entroncamentoonline.pt\/portal\/wp-json\/wp\/v2\/types\/page"}],"author":[{"embeddable":true,"href":"https:\/\/www.entroncamentoonline.pt\/portal\/wp-json\/wp\/v2\/users\/43"}],"replies":[{"embeddable":true,"href":"https:\/\/www.entroncamentoonline.pt\/portal\/wp-json\/wp\/v2\/comments?post=71141"}],"version-history":[{"count":0,"href":"https:\/\/www.entroncamentoonline.pt\/portal\/wp-json\/wp\/v2\/pages\/71141\/revisions"}],"wp:attachment":[{"href":"https:\/\/www.entroncamentoonline.pt\/portal\/wp-json\/wp\/v2\/media?parent=71141"}],"curies":[{"name":"wp","href":"https:\/\/api.w.org\/{rel}","templated":true}]}}